ber?
True
Is 478542583 a composite number?
False
Is 236603 composite?
True
Is 43396601 composite?
False
Is 548620279 a composite number?
False
Is 283550541 composite?
True
Is 32407526 a prime number?
False
Is 37480687 a prime number?
False
Is 10358723 a composite number?
False
Is 40197929 a prime number?
True
Is 2056143 prime?
False
Is 1942571 prime?
True
Is 14174497 prime?
False
Is 6421717 a prime number?
False
Is 4762547 a prime number?
True
Is 17090867 a prime number?
True
Is 181849313 prime?
True
Is 190607311 prime?
True
Is 840083 a composite number?
False
Is 1055801 a prime number?
True
Is 2609015573 prime?
True
Is 140136637 composite?
False
Is 5728657 composite?
True
Is 30024473 a prime number?
True
Is 1951949 a composite number?
False
Is 13793617 prime?
False
Is 1280947 a prime number?
True
Is 303907 composite?
False
Is 80709985 composite?
True
Is 1930444117 a prime number?
False
Is 7673654 a composite number?
True
Is 990881 a composite number?
False
Is 23398913 a prime number?
True
Is 12396899 a prime number?
False
Is 48346489 prime?
True
Is 37529689 prime?
True
Is 3699497 a composite number?
False
Is 2070067 prime?
True
Is 20718781 a prime number?
True
Is 8785783 composite?
False
Is 457117 a prime number?
True
Is 55436321 composite?
False
Is 20038943 a prime number?
False
Is 7572977 a prime number?
True
Is 1152454227 prime?
False
Is 257693 a composite number?
True
Is 5087527 a composite number?
False
Is 991313 composite?
False
Is 5224361 prime?
True
Is 56809283 a prime number?
False
Is 2523641 a composite number?
False
Is 5211959 a prime number?
True
Is 3150097 prime?
True
Is 3266365 composite?
True
Is 6667459 composite?
True
Is 20999851 composite?
True
Is 3414913 a composite number?
False
Is 100219961 composite?
False
Is 260605747 composite?
True
Is 78457 a prime number?
False
Is 15696857 a prime number?
False
Is 13535167 prime?
True
Is 435377 a composite number?
True
Is 26331029 prime?
True
Is 22420987 a prime number?
True
Is 2978839 prime?
False
Is 39044659 prime?
True
Is 253132439 prime?
False
Is 1317839 a prime number?
True
Is 184676381 a prime number?
True
Is 298933399 prime?
True
Is 13902079 a composite number?
False
Is 3380623 a prime number?
True
Is 1790629 prime?
False
Is 136024459 prime?
True
Is 38951389 prime?
False
Is 27105539 a composite number?
False
Is 1584257 composite?
False
Is 13861787 prime?
True
Is 247295957 a prime number?
False
Is 302077803 prime?
False
Is 11833441 a composite number?
True
Is 449653 a prime number?
True
Is 53706283 a prime number?
False
Is 38132695 composite?
True
Is 50617549 composite?
True
Is 51955547 a composite number?
True
Is 2126483 a composite number?
True
Is 11858131 a prime number?
True
Is 10858097 prime?
False
Is 2114449 composite?
False
Is 13737973 composite?
True
Is 65324563 a composite number?
True
Is 29267297 a composite number?
False
Is 610939 composite?
True
Is 303413867 prime?
True
Is 1420031 a composite number?
False
Is 39867857 prime?
True
Is 1800899 composite?
True
Is 1033117559 a prime number?
True
Is 65053613 a prime number?
False
Is 742143 prime?
False
Is 377196637 composite?
False
Is 15089299 prime?
False
Is 217397533 a prime number?
False
Is 3910273 prime?
False
Is 145765951 a composite number?
False
Is 271552037 composite?
False
Is 11842771 a prime number?
True
Is 5365577 prime?
False
Is 1061761 prime?
False
Is 139813 a prime number?
True
Is 129562233 a prime number?
False
Is 821694799 composite?
True
Is 7401677 prime?
True
Is 365307581 composite?
True
Is 2759803 prime?
True
Is 16471849 prime?
False
Is 485822 prime?
False
Is 2049107 a prime number?
True
Is 51785267 composite?
False
Is 709469 composite?
False
Is 603663745 a composite number?
True
Is 12001187 a composite number?
True
Is 567527 a prime number?
True
Is 1505269 a composite number?
True
Is 64010809 composite?
True
Is 1147793 a prime number?
True
Is 231452993 prime?
True
Is 109451801 a composite number?
False
Is 7174607 prime?
False
Is 33572647 prime?
True
Is 3568307 a composite number?
False
Is 11962417 a composite number?
True
Is 145851689 prime?
True
Is 58796939 a prime number?
True
Is 247153 a prime number?
False
Is 5563223 prime?
True
Is 36699367 composite?
True
Is 4118137 prime?
False
Is 17161379 a composite number?
False
Is 27415051 a prime number?
True
Is 840953 composite?
True
Is 175148499 a composite number?
True
Is 21339737 prime?
False
Is 582353285 a composite number?
True
Is 5707357 prime?
True
Is 248480467 composite?
False
Is 39775553 prime?
True
Is 29765201 composite?
False
Is 231556103 composite?
False
Is 1456657 a composite number?
False
Is 4149589 a prime number?
True
Is 43867721 a composite number?
False
Is 877997 a prime number?
True
Is 22061671 prime?
True
Is 130877993 a prime number?
True
Is 31782917 prime?
False
Is 39399181 composite?
False
Is 877760527 prime?
False
Is 25989091 composite?
False
Is 154605079 composite?
False
Is 231319193 a composite number?
True
Is 117522697 prime?
True
Is 1327705 prime?
False
Is 272754007 prime?
True
Is 27187073 a composite number?
True
Is 125801593 prime?
False
Is 40855079 prime?
False
Is 817979 prime?
True
Is 395377 prime?
True
Is 788617 composite?
True
Is 17977841 composite?
True
Is 58907753 composite?
True
Is 62596537 a composite number?
False
Is 3571741 composite?
False
Is 18621787 a prime number?
True
Is 148777589 composite?
True
Is 6129593 a composite number?
True
Is 78883843 prime?
True
Is 2940419 composite?
False
Is 23424799 prime?
True
Is 16298993 a composite number?
False
Is 7732661 a prime number?
False
Is 297306781 a prime number?
True
Is 1356173959 prime?
False
Is 2968951 prime?
False
Is 35500601 a prime number?
True
Is 602677 prime?
True
Is 1189187 composite?
True
Is 126411067 prime?
True
Is 22671359 prime?
False
Is 562405 composite?
True
Is 53662001 a composite number?
True
Is 6539551 composite?
False
Is 7783511 prime?
False
Is 28313797 prime?
True
Is 821801 composite?
False
Is 480456919 composite?
False
Is 141608107 prime?
True
Is 85263523 a composite number?
True
Is 5670734 composite?
True
Is 13093097 composite?
False
Is 53785859 composite?
False
Is 6076363 a prime number?
True
Is 15502094 prime?
False
Is 6210781 a prime number?
False
Is 16254689 a prime number?
False
Is 4724047 a composite number?
False
Is 307566749 a prime number?
False
Is 456517 a composite number?
False
Is 4980673 composite?
True
Is 13942993 prime?
False
Is 289160657 a prime number?
True
Is 768147665 composite?
True
Is 588871 a prime number?
True
Is 14960417 composite?
True
Is 29589559 prime?
False
Is 26876951 composite?
False
Is 80299 a prime number?
False
Is 270859 a prime number?
True
Is 2682001 a composite number?
True
Is 11261834 prime?
False
Is 331138741 composite?
False
Is 25535033 a composite number?
True
Is 118459402 a composite number?
True
Is 670613 composite?
False
Is 91307003 prime?
True
Is 2973889 prime?
True
Is 743339 composite?
False
Is 671500553 a prime number?
False
Is 1754939 a prime number?
True
Is 7892051 prime?
True
Is 257186213 a prime number?
True
Is 3102391 composite?
True
Is 563303 composite?
True
Is 5804563 a prime number?
True
Is 63170171 prime?
True
Is 25874831 prime?
False
Is 3625289 prime?
False
Is 6956359 a prime number?
False
Is 5428243 prime?
False
Is 1598639539 a prime number?
False
Is 5947213 composite?
True
Is 8505041 a prime number?
False
Is 1145167613 a prime number?
False
Is 195324767 prime?
False
Is 157345 composite?
True
Is 20061753 prime?
False
Is 109510711 prime?
True
Is 6334169 a prime number?
True
Is 364645649 a prime number?
True
Is 40301867 composite?
False
Is 56818501 a composite number?
True
Is 389659 prime?
True
Is 1923511 prime?
False
Is 4369291 composite?
False
Is 174407 a prime number?
True
Is 39295727 prime?
True
Is 41250949 composite?
False
Is 943261 composite?
True
Is 685456739 prime?
False
Is 108181 a prime number?
False
Is 4602281 prime?
True
Is 1722181 prime?
True
Is 1531657 a prime number?
True
Is 9138029 a prime number?
True
Is 3495571 composite?
False
Is 4911899 a composite number?
True
Is 227425927 prime?
True
Is 4383941 prime?
False
Is 15525746 a composite number?
True
Is 4053503 a prime number?
True
Is 4144453 prime?
False
Is 14427241 a prime number?
True
Is 1662141949 composite?
True
Is 8544137 